.
-4454
What is -3406 (base 10) in base 11?
-2617
1010 (base 3) to base 6
50
What is -36707 (base 9) in base 10?
-24631
Convert -1908 (base 11) to base 7.
-10036
Convert 398 (base 16) to base 5.
12140
Convert 27752 (base 9) to base 13.
8762
Convert -1840 (base 9) to base 6.
-10313
Convert -1499 (base 10) to base 8.
-2733
Convert 3013 (base 4) to base 13.
124
-338 (base 12) to base 15
-21b
Convert -1463 (base 16) to base 7.
-21134
What is 5258 (base 10) in base 13?
2516
-6b (base 15) to base 7
-203
What is -54 (base 11) in base 7?
-113
-440 (base 8) to base 16
-120
94 (base 12) to base 5
422
c0 (base 14) to base 3
20020
What is -a11 (base 12) in base 5?
-21303
32310 (base 4) to base 14
4ba
Convert 36a (base 14) to base 16.
2aa
Convert 1646 (base 7) to base 16.
29f
-1100011111011010 (base 2) to base 15
-1025c
Convert 502b (base 13) to base 3.
120010020
-1122011010 (base 3) to base 8
-76673
Convert -1001001110011111 (base 2) to base 6.
-450543
1042431 (base 5) to base 10
18491
Convert 460 (base 8) to base 16.
130
Convert -9359 (base 10) to base 14.
-35a7
-1211200101 (base 3) to base 7
-210406
Convert -4c93 (base 13) to base 12.
-63b4
1061 (base 8) to base 11
470
Convert 1095 (base 13) to base 9.
3156
What is 20 (base 10) in base 13?
17
What is 313103 (base 5) in base 8?
24243
What is -101002 (base 3) in base 10?
-272
What is 122420 (base 7) in base 14?
82b7
-1349 (base 10) to base 9
-1758
Convert -366 (base 14) to base 16.
-2a6
What is -4416 (base 13) in base 9?
-14006
289 (base 13) to base 15
201
What is -1242 (base 5) in base 14?
-101
What is 472 (base 10) in base 15?
217
Convert 4334 (base 11) to base 6.
42300
What is -266b (base 12) in base 14?
-1867
7627 (base 9) to base 5
134424
What is -29020 (base 11) in base 15?
-c373
-2560 (base 11) to base 9
-4513
395 (base 14) to base 13
434
-2242 (base 7) to base 3
-1010011
1bd4a (base 14) to base 15
16179
What is 100000010 (base 2) in base 3?
100120
What is -1011101010110001 (base 2) in base 9?
-72503
Convert 1203323 (base 4) to base 2.
1100011111011
Convert -10000111 (base 2) to base 3.
-12000
261605 (base 7) to base 13
191c3
Convert 7db (base 15) to base 9.
2388
Convert 8406 (base 10) to base 2.
10000011010110
What is -1001001011110 (base 2) in base 8?
-11136
Convert 2cbb (base 15) to base 9.
14175
45 (base 7) to base 3
1020
Convert 403b (base 13) to base 16.
2286
What is 4442 (base 9) in base 11?
2510
Convert -886 (base 13) to base 3.
-2000011
Convert 1914 (base 15) to base 6.
41031
What is -27b0 (base 14) in base 3?
-100121210
Convert -11001101102 (base 3) to base 2.
-10011011101111110
Convert c4d (base 14) to base 16.
975
Convert -1076 (base 12) to base 15.
-813
-1527 (base 10) to base 6
-11023
bc7 (base 14) to base 2
100100011011
What is 201555 (base 6) in base 15?
4b08
1c4 (base 16) to base 8
704
200 (base 10) to base 5
1300
Convert 16810 (base 9) to base 6.
125400
Convert 10e (base 15) to base 10.
239
What is 117 (base 13) in base 10?
189
-12233 (base 5) to base 11
-788
-10001101100111 (base 2) to base 15
-2a43
67bb (base 16) to base 2
110011110111011
775 (base 9) to base 11
528
What is -115365 (base 9) in base 7?
-406535
99 (base 15) to base 14
a4
1032 (base 7) to base 9
446
Convert -16d (base 16) to base 13.
-221
What is 10210220 (base 3) in base 13?
1359
Convert -24422 (base 6) to base 11.
-2796
What is 1110000011 (base 2) in base 13?
542
-1002301 (base 4) to base 14
-17b3
Convert -162a (base 16) to base 10.
-5674
What is 8444 (base 10) in base 15?
277e
4402 (base 6) to base 3
1101102
-19c (base 13) to base 4
-10222
-14142 (base 6) to base 3
-10001022
-5515 (base 9) to base 8
-7740
Convert 11632 (base 7) to base 14.
1189
1278a (base 13) to base 6
422324
What is 322310 (base 4) in base 13?
1937
Convert -11211 (base 3) to base 8.
-202
Convert 10850 (base 10) to base 11.
8174
Convert -789 (base 14) to base 4.
-113111
What is 20102001 (base 3) in base 14?
19ba
42b (base 15) to base 7
2513
Convert -15697 (base 10) to base 5.
-1000242
What is -1101010010001 (base 2) in base 15?
-2036
What is -111011100110110 (base 2) in base 13?
-10b77
Convert -222000 (base 3) to base 10.
-702
Convert 28c5 (base 14) to base 4.
1300331
What is -25b7 (base 15) in base 16?
-1f6f
3106 (base 10) to base 11
2374
Convert -b7 (base 12) to base 16.
-8b
What is 4aa (base 15) in base 5?
13220
Convert -2678 (base 10) to base 15.
-bd8
2151 (base 8) to base 15
504
1241040 (base 5) to base 13
b212
What is -53301 (base 9) in base 3?
-1210100001
What is -12122002 (base 3) in base 13?
-1b3b
What is 301022 (base 4) in base 10?
3146
What is -142122 (base 5) in base 4?
-1130120
Convert 292 (base 11) to base 3.
110201
Convert 101202 (base 3) to base 10.
290
-33020 (base 4) to base 15
-448
-4c34 (base 14) to base 11
-a059
What is -34035 (base 8) in base 13?
-6700
What is -15544 (base 7) in base 8?
-10451
Convert 2321 (base 14) to base 7.
23541
Convert -3494 (base 10) to base 3.
-11210102
What is -41411 (base 5) in base 4?
-222223
What is -ccca (base 13) in base 3?
-1110011201
What is 1011110000 (base 2) in base 7?
2123
4c6 (base 16) to base 6
5354
What is -efa (base 16) in base 15?
-1209
7687 (base 10) to base 7
31261
314 (base 9) to base 4
10000
-42010 (base 6) to base 2
-1010111110110
Convert -240234 (base 7) to base 16.
-a94d
-440 (base 6) to base 14
-c0
Convert 102401 (base 6) to base 2.
10000010100001
Convert 142 (base 11) to base 15.
b2
-134123 (base 7) to base 14
-93ba
What is -10000111101 (base 2) in base 6?
-5005
2a8 (base 14) to base 6
2300
Convert -10529 (base 11) to base 10.
-15277
Convert -78 (base 16) to base 10.
-120
-10121310 (base 4) to base 11
-12607
Convert -23323 (base 4) to base 13.
-469
What is 15222 (base 10) in base 8?
35566
Convert 304 (base 7) to base 5.
1101
Convert 17bc9 (base 14) to base 16.
ea35
-10d0 (base 16) to base 6
-31532
What is 21b3c (base 14) in base 13?
2b2c3
-736 (base 14) to base 8
-2614
5c (base 14) to base 11
75
Convert -153211 (base 6) to base 15.
-468d
What is -d8a (base 15) in base 9?
-4164
What is -1b7 (base 15) in base 12?
-291
1001111101 (base 2) to base 15
2c7
What is -12860 (base 9) in base 4?
-2020101
Convert -7410 (base 12) to base 5.
-401214
Convert 5620 (base 8) to base 13.
1469
452a (base 12) to base 4
1313302
What is -30300233 (base 4) in base 14?
-15099
200 (base 11) to base 5
1432
What is -10210110 (base 3) in base 8?
-5316
What is 566 (base 9) in base 2?
111010001
Convert -756 (base 10) to base 3.
-1001000
d0b (base 15) to base 2
101101111000
What is 323 (base 12) in base 9?
560
What is -120 (base 7) in base 3?
-2100
242 (base 16) to base 14
2d4
Convert -54244 (base 6) to base 15.
-2314
223 (base 16) to base 6
2311
2577 (base 8) to base 5
21112
10101101000100 (base 2) to base 11
835a
What is -1a60 (base 15) in base 11?
-4326
-133442 (base 6) to base 7
-51251
What is -691 (base 11) in base 7?
-2260
Convert -5cc (base 13) to base 14.
-525
What is -10305 (base 9) in base 8?
-15231
-11000100000 (base 2) to base 7
-4400
What is -155 (base 6) in base 9?
-78
What is -529 (base 16) in base 13?
-7a8
d106 (base 16) to base 8
150406
Convert 1dc (base 14) to base 13.
240
What is 111011101 (base 2) in base 3?
122200
1011011010 (base 2) to base 6
3214
What is 641 (base 9) in base 13?
313
-3 (base 13) to base 9
-3
Convert 4615 (base 13) to base 7.
40426
1001001101010 (base 2) to base 10
4714
What is -10001120 (base 4) in base 15?
-4d32
Convert 31588 (base 9) to base 4.
11012201
What is -1367 (base 8) in base 6?
-3303
275 (base 14) to base 16
1ef
What is 10102100202 (base 3) in base 15?
14e3b
10000001 (base 4) to base 16
4001
11010110001100 (base 2) to base 14
4dd2
42230 (base 9) to base 2
110110011110011
710b (base 12) to base 6
132415
-2010 (base 5) to base 6
-1103
What is 13003 (base 7) in base 2?
110101101001
Convert -1022000122 (base 3) to base 2.
-110001110111100
Convert -3463 (base 8) to base 6.
-12311
What is 918 (base 11) in base 9?
1461
173 (base 9) to base 11
124
What is 2240 (base 7) in base 9?
1102
What is 541 (base 11) in base 4?
22022
Convert 1010011011 (base 2) to base 4.
22123
What is 13212133 (base 4) in base 15?
935a
Convert -11111 (base 5) to base 6.
-3341
784 (base 16) to base 11
149a
Convert -29b2 (base 14) to base 9.
-11141
What is 6349 (base 12) in base 3?
1122